3*c, -5*b = 3*c - 212. What is the tens digit of c?
6
Suppose -3*t + 1 = 13. Let b be (t/10)/((-2)/50). What is the units digit of (8/(-5))/((-2)/b)?
8
Suppose -47 = 4*g - 159. What is the units digit of g?
8
What is the hundreds digit of 1*(0/3 - -101)?
1
Suppose 0 = -l + 5*r + 7, 2*l - r = -0*r - 4. What is the tens digit of (-1 + 2)*l + 18?
1
Suppose -4*m + 0*c = -2*c + 304, 3*m - 4*c = -228. What is the units digit of (3/2)/((-6)/m)?
9
What is the tens digit of (-426)/(-10) - 9/15?
4
Let f(h) be the first derivative of -h**7/420 - h**6/180 + h**5/120 - 2*h**3/3 - 2. Let n(v) be the third derivative of f(v). What is the units digit of n(-2)?
6
Suppose 29*y - 567 = 26*y. What is the units digit of y?
9
Let v(o) = o**3 + o - 6. Let t be v(0). Let m = -15 - -6. What is the units digit of (-69)/m - (-4)/t?
7
Let j be (3/(-12))/(5/(-100)). Let m(h) = 2*h**2. What is the units digit of m(j)?
0
Let b(d) = 3*d**2 - 11*d - 23. What is the tens digit of b(-8)?
5
What is the tens digit of (-182)/(-9) + 46/(-207)?
2
Suppose 5*a = 21 + 219. What is the units digit of a?
8
Suppose 5*b - 15 = -0*b. Let a = b + 6. Suppose 4*x - 18 = 2*v, 2*x + 2*x - a = -v. What is the units digit of x?
3
Suppose -3*d = m - 374, 4*d - 5*m - 238 = 2*d. What is the units digit of d?
4
Let p = -4 + 1. Let s be -11 + p*2/(-6). What is the units digit of (-40)/(-25) - 4/s?
2
Let h(f) = -72*f + 1. Let w be h(-3). Suppose 4*z - w = -17. What is the units digit of z?
0
Let u = -3 + 4. Let a = -11 - u. What is the units digit of 4/6 + (-76)/a?
7
Let z(d) = 2*d + 1. Let k be z(-6). Let f(p) = 4*p**2 + 4*p - 17. Let y(w) = 2*w**2 + 2*w - 9. Let s(j) = k*y(j) + 6*f(j). What is the units digit of s(2)?
9
Let f(q) = -q**2 - q + 2. Let a be f(0). Suppose -d + 15 = a*d. Suppose 3*z = 5*c - 0 - 4, 2 = d*c - 4*z. What is the units digit of c?
2
Let g be (-10)/(-4)*12/15. Suppose -c - 4*u + 11 = 0, 0 = g*u - u - 1. Let t = c - 1. What is the units digit of t?
6
Suppose -5*g + 13 = 2*t - 22, 3*t = 2*g + 5. Suppose 6 = t*x - 24. What is the units digit of x?
6
Let q = -8 - -13. Let y = 9 + 32. Suppose -14 = -q*w + y. What is the units digit of w?
1
Let w(f) = 2*f**2 + 19*f + 5. What is the units digit of w(-14)?
1
Suppose 3*i = -11 + 26. Suppose -70 = -i*t + 3*m - 8*m, 4*m = -5*t + 72. What is the tens digit of t?
1
Let s(m) = -m**2 - 4*m + 5. Let u be s(-4). Suppose u*w = -5*v + 2*v + 21, -4*v + 20 = 4*w. What is the units digit of (0 + v)*(7 - 3)?
8
Suppose -r - 2*j + 12 = -1, -5*r = -j - 32. Suppose 6*b = r*b - 15. What is the units digit of b?
5
Let t = -1 + 1. Suppose -4*w + w + 42 = t. What is the tens digit of w?
1
Suppose 5*t - 3*t - 682 = -5*j, -t = 4. Suppose -34 = 4*q - j. What is the tens digit of q?
2
Suppose 2*k + 29 = 3*v, -k = 4*v - 5*k - 40. What is the units digit of v?
9
What is the units digit of (-602)/(-3) - 1 - 2/(-6)?
0
Let u(v) = v**3 + 6*v**2 - 2*v - 2. Let c be u(-6). Suppose a = 14 + c. What is the tens digit of a?
2
Let s = 16 - 16. Suppose s*x = -5*x + 95. What is the units digit of x?
9
Suppose 4*y + 2*o = 3*y - 1, -3*y = -5*o - 19. Suppose -4*f + y*k + 27 = 0, -4*f = -f - 2*k - 21. What is the units digit of f?
9
What is the tens digit of 2/(-6) + (-210)/(-9)?
2
Suppose 0*g - 12 = -m - 2*g, 0 = m - g. Suppose m*l + 5 = 137. What is the units digit of l?
3
Let a(c) = -c**2 - 4*c - 1. Let f be a(4). Let b be 12/(-20) - (-6)/10. What is the units digit of f*((-1)/3 - b)?
1
What is the units digit of (-5)/(4 + (-87)/18)?
6
Suppose -3*r + 69 = 12. Let v = 27 - r. What is the units digit of v?
8
Let w be 15/6*18/15. Suppose -2*f + 61 = -w. Suppose f = 2*x - 5*p - 0*p, 3*x = 3*p + 30. What is the units digit of x?
6
Let z(q) = q + 1. Let p be z(-1). Let b = p + 3. Suppose b*g = -g - t + 11, 4*t = 3*g - 13. What is the units digit of g?
3
Let r = 63 + 36. What is the tens digit of r?
9
Suppose -3*p + 46 = -53. What is the units digit of p?
3
Suppose -2*d + 9*m + 137 = 4*m, 5*d = -4*m + 359. What is the tens digit of d?
7
Let t be ((-22)/(-8))/((-1)/(-4)). Suppose 0 = -2*u + 1 + t. What is the units digit of u?
6
Let y = 11 - 10. Suppose y = n - 3. What is the units digit of n?
4
Suppose -s - 3*s - 2*b - 2 = 0, -5*s = -2*b + 7. What is the units digit of s/(-1) + (-7)/(-1)?
8
What is the units digit of (-1)/3 - (-1905)/45?
2
Let j = -68 + 122. Suppose 47 = 3*g + 5*b - 8, -2*g = -b - j. What is the units digit of g?
5
Let b(p) = p. Let v be b(-4). Let m(f) = -2*f**3 - 4*f**2 + 6*f + 5. What is the tens digit of m(v)?
4
Suppose -s + 108 = -111. What is the units digit of s?
9
Let n = 120 + -75. Suppose -s = 4*s - n. What is the units digit of s?
9
Let b = 19 + -22. What is the units digit of 22/b*(-6)/4?
1
Let n = 387 + -244. Suppose -2*m + 3*i + n - 14 = 0, 4*m = -i + 237. Suppose z = -2*z + m. What is the tens digit of z?
2
Let u(x) = 5*x**2 + x - 3. Let w be u(3). What is the tens digit of 579/w - 2/(-15)?
1
Suppose -10*j + 13*j - 150 = 0. What is the units digit of j?
0
Suppose 5*v = 2*v, 3*c - 5*v - 102 = 0. What is the units digit of c?
4
Let y(r) = -15*r**3 + r**2 + 6*r + 3. What is the hundreds digit of y(-2)?
1
Suppose -5*n - 11 = o, -5*n + 0*o + o = 9. What is the units digit of n/7 + 1288/49?
6
Let s(d) = -d**3 + 5*d**2 + 6*d - 2. Let m(n) = n**3 + 4*n**2 + n. Let k be m(-3). Let t be s(k). What is the units digit of 0 - (2 + 0)/t?
1
Suppose -1 = 2*f - 17. Suppose 3*k - f = -k. Let q = k - -4. What is the units digit of q?
6
What is the units digit of (69/2)/((-6)/(-40))?
0
What is the tens digit of 2/(6*5/1215)?
8
Suppose -3*w = -4*m - m - 13, 2*m + 25 = 3*w. Suppose w*g - 55 = 6*g. What is the units digit of g?
1
Let a be ((-3)/(3/41))/(-1). What is the units digit of a/4 + (-15)/(-20)?
1
Let k(t) = t**3 + 9*t**2 + 6*t + 9. What is the tens digit of k(-8)?
2
Let d be (-4)/(-18) - (-280)/36. What is the units digit of d + -1 + (5 - 5)?
7
Let u(n) = n**2 + 4*n + 3. Let f be u(-2). Let q be 32 - (f - -1 - 0). Suppose -4*p + 4*x + 36 = 0, 0 = -3*p + 2*x - 0*x + q. What is the tens digit of p?
1
Suppose 21 = 2*g - 23. What is the tens digit of g?
2
Suppose -2*n + 1 = -7. Let t(h) = -3*h - 5 + 2*h**2 + 3*h**2 + n + 4. What is the units digit of t(2)?
7
Let z(j) = -2*j**2 - 12*j - 4. Suppose -4 = p + 1. What is the units digit of z(p)?
6
What is the units digit of (-416)/(-65) + 6/10?
7
Let t(w) = 2*w + 12 - 20 + 4. What is the units digit of t(4)?
4
Let a be (-2)/3*(-2 + -1). Let h = 1 + a. What is the units digit of 2/h + (-4)/(-12)?
1
What is the units digit of 2 + (36 - (-12)/(-3))?
4
Suppose 2 = 4*w - 2. Let q(v) = 7*v**2 + 1. Let l be q(w). Suppose -4*p = -l, 0 = 3*h + 2*p - 7*p - 11. What is the units digit of h?
7
Suppose 7*l - 41 = 113. What is the tens digit of l?
2
Suppose -2*u = 5*x - 5*u - 100, u = -2*x + 51. Let c = -16 + x. What is the units digit of c?
7
Let v(f) = f**2 - 3*f + 4. Let u be v(2). Suppose -u*o = g - 3 - 7, -5*o - g = -19. What is the units digit of o?
3
Let u = 2 - 20. Let s = u + 24. What is the units digit of s?
6
Let a(k) = 2*k**2 + 4*k - 6. What is the tens digit of a(-6)?
4
Let t be (-18)/(-10)*50/15. Suppose -n - 90 = -t*n. What is the units digit of n?
8
Let x = 69 - 44. What is the tens digit of x?
2
What is the units digit of (-2)/(4/(-38)) - (-4 - -3)?
0
Let g(i) = 7*i**2 - i - 11. What is the hundreds digit of g(-6)?
2
Let p = 37 + 32. What is the tens digit of p?
6
Let f = 312 - -1. What is the tens digit of f?
1
Let p be (-34)/(-6) + 1/3. Let w(f) = -f**3 + 6*f**2 + 3*f - 3. What is the tens digit of w(p)?
1
Let w = 28 - 25. Suppose 2*d = 3*d - 2. Suppose -j + 54 = d*j - 3*g, -5*j + 50 = w*g. What is the units digit of j?
3
Let o be (-2)/4*(3 + -1). Let t = 11 - 5. What is the units digit of -5 + t + 1 + o?
1
Let x = 14 - 11. Suppose 131 = 8*a - x*a + d, -3*a + 5*d = -73. What is the tens digit of a?
2
Let q(w) = 18*w**2 + 1. Let k be q(-2). Suppose -n - 4*g = 1 - 24, -k = -5*n + g. Let z = n + -4. What is the tens digit of z?
1
Suppose j = -3*j - 12. Let w = j + 11. What is the units digit of w?
8
Let l(i) = 15*i + 17. What is the units digit of l(7)?
2
Let c = 55 + -29. What is the tens digit of c?
2
Let w = 7 - 7. Suppose -2*o = 3*j - 11, -o + w*j = -5*j - 25. What is the units digit of o?
0
Suppose 2*u - 30 - 36 = 